ose 4*l - 3*z = 270, 0 = -l + 5*z + 113 - 37. List the prime factors of l.
2, 3, 11
Let h(o) = 3*o**2 + 2*o - 1. Let s(y) = y**3 - 4*y**2 - y + 2. Let a be s(4). Let m be (-10)/(-2)*a/5. List the prime factors of h(m).
7
Suppose 0*g + g = 103. List the prime factors of g.
103
Let g = -45 + 71. Suppose -p = -5*p + 148. Let l = p - g. List the prime factors of l.
11
Let x(h) = h**3 - 6*h**2 + 5*h - 6. List the prime factors of x(6).
2, 3
Let q be (150/(-9))/((-2)/3). Let u = -13 + q. Suppose -u = -l - l. What are the prime factors of l?
2, 3
Let h(x) be the second derivative of -x**5/20 + x**4/6 + 5*x**3/6 - 2*x**2 + x. What are the prime factors of h(3)?
2
Suppose 0 = h - 2*h + 3. Suppose 2*t + 52 = h*v, 3*t = 1 + 11. Suppose 5*b + 0*b = v. What are the prime factors of b?
2
List the prime factors of (-5)/(-10) + 1563*4/24.
3, 29
Suppose -6*l - 37 + 193 = 0. What are the prime factors of l?
2, 13
Let a be (2/4)/((-2)/(-8)). Suppose -5*t + 3*g = a*g - 59, -4*t - 5*g + 53 = 0. What are the prime factors of t?
2, 3
Let i be 2/(2 - (-30)/(-16)). Let v = 24 + -34. Let r = v + i. List the prime factors of r.
2, 3
Let h(t) = t**3 + 4. Let x be h(0). What are the prime factors of 3 - 14*(-2)/x?
2, 5
Let b(t) = -3*t + 1. Let z be b(2). Let n be 4/10 + (-198)/z. Suppose 2*c + n = 7*c. What are the prime factors of c?
2
Let t(p) = 4*p**2 - p - 2. Let d be t(-1). Suppose 5*i - 224 = d*u, 0*i - i + 36 = -5*u. List the prime factors of i.
2, 23
Let v(h) = -13*h - 63. What are the prime factors of v(-15)?
2, 3, 11
Let d(g) = g**3 + 7*g**2 - 4*g - 10. Let p be d(-7). Let y = -4 - -7. Suppose k - p = -x + y*k, 5*k = -4*x + 20. What are the prime factors of x?
2, 5
Suppose f - 1523 = -4*u, 3*u - 2*f - 1289 = -133. List the prime factors of u.
2, 191
Suppose 4*n + 26 - 230 = 0. Suppose 5*s + n = 3*z - 4, 2*z - 36 = 3*s. What are the prime factors of z?
3, 5
Let i = 24 - -29. List the prime factors of i.
53
Let i = 48 + -30. What are the prime factors of i?
2, 3
Let n be -3 + (-2 - -2) - (2 + -4). Suppose 3*b + 21 = -6. What are the prime factors of (n + (-6)/b)*-6?
2
Suppose -333 = -4*k + k. Suppose 3*u = s - 22 + 102, -4*u - 3*s + k = 0. List the prime factors of u.
3
Let a = 144 - -137. List the prime factors of a.
281
What are the prime factors of (-2)/((-3)/(-2)*(-7)/1638)?
2, 3, 13
Let t = 107 + -9. What are the prime factors of t?
2, 7
Let w = -28 + 11. Let u = 25 + w. List the prime factors of u.
2
Let m(d) be the first derivative of -3*d**4/4 - 4*d**3/3 + d**2/2 + 4*d + 2. Let z be m(-3). Suppose 0 = 4*s + 2 - z. List the prime factors of s.
11
Let o = -8 + 30. What are the prime factors of o?
2, 11
Let w = 3 - -94. List the prime factors of w.
97
Suppose 0 = -5*q - 6*u + 2*u - 179, -4*u = -2*q - 94. Let p = -28 - q. What are the prime factors of p?
11
Let i = 18 + -50. Let s = i - -21. Let f = 15 + s. List the prime factors of f.
2
Let t be (-2)/7 + 348/42. Let y be ((-12)/t)/(6/(-8)). What are the prime factors of (-39)/(-6) + y/4?
7
Suppose 3*t - 231 = -4*z + z, 0 = -2*t + 5*z + 175. Suppose 6*i = 2*i + t. What are the prime factors of i?
2, 5
Let k(c) be the third derivative of -c**5/60 + 5*c**4/24 + 4*c**3/3 - 2*c**2. Let m be k(6). Suppose 28 = m*t + 4. List the prime factors of t.
2, 3
Let f = 1 - -7. Let w(g) = g - 4*g + 4*g. List the prime factors of w(f).
2
Let x = -24 + 28. Suppose 3*f + 136 = x*u + 2*f, -5*f = 2*u - 68. What are the prime factors of u?
2, 17
Suppose -2*r + 20 = -8. Let c = r + -8. List the prime factors of c.
2, 3
Let m(l) = 8*l - 10. Let w(p) = -8*p + 10. Let b(d) = 3*m(d) + 2*w(d). Suppose 3*x - 4 = 2*x. What are the prime factors of b(x)?
2, 11
Suppose 0 = 10*k - 12*k + 134. What are the prime factors of k?
67
Let n = 7 - 7. What are the prime factors of -2 + (n + -69)/(-3)?
3, 7
Suppose -5*b + 0 = -10. Suppose b*t - 6 = -t. What are the prime factors of t?
2
Let n(g) = 2*g**3 + 3*g - 3. What are the prime factors of n(2)?
19
Let y(u) be the first derivative of 9*u**4/4 - u**2/2 + u + 6. What are the prime factors of y(1)?
3
Let r be (8/(-12))/((-2)/(-12)). What are the prime factors of (40/r)/((-1)/1)?
2, 5
Suppose 0 = 17*r - 3 - 31. What are the prime factors of r?
2
Let q(n) = 32*n + 1. Let g be q(1). Suppose -5*b + 32 = -g. What are the prime factors of b?
13
Suppose 4*c = -0*c + 72. Suppose -u - u = -c. What are the prime factors of u?
3
Suppose -5*c + 29 - 9 = u, -3*c = 4*u + 5. Let a be c/2*8*15. List the prime factors of 4/14 - a/(-28).
11
Let g(i) = -2*i**2 + 12*i - 29. Suppose 0*d + 2*h - 8 = d, 2 = 2*h. Let k(m) = m**2 - 6*m + 15. Let j(q) = d*g(q) - 11*k(q). List the prime factors of j(6).
3
Suppose 0 = j - 0 - 4. Suppose -2*b + 38 = -2*l, j*l = 2*b - 9 - 21. List the prime factors of b.
23
Suppose 0 = 2*b + 6 - 0, 5*b + 23 = 4*o. Let m(y) = -5*y + 2. Let u(i) = -15*i + 7. Let p(z) = -7*m(z) + 2*u(z). What are the prime factors of p(o)?
2, 5
Suppose -5*j = -3*j - 20. Suppose 0 = -3*d + j + 2. Suppose -38 = -d*f + 18. What are the prime factors of f?
2, 7
Suppose 0 = -2*y - 2*b - 2, -5*b - 6 = y + 3*y. Suppose 3*j - 35 = y. What are the prime factors of j?
2, 3
Let l = 343 - 102. List the prime factors of l.
241
Suppose 4*y - 8 = z + z, 2*z + 2*y = 10. Let l = 1 + z. Suppose 2*m - 5 = -i + l, -4 = -4*m. List the prime factors of i.
2, 3
Let d = 103 - 62. List the prime factors of d.
41
Let h be (14 + -16)*(-1 + -1). Let a(n) = 2*n**2 - 6*n + 2. What are the prime factors of a(h)?
2, 5
Suppose 0 = -j + 3 - 0. Suppose -x = -3*g + 123, 0*g - 36 = -g + 2*x. Suppose 0*t - j*t = -g. List the prime factors of t.
2, 7
Suppose -5*k = -3*u - 2 + 6, -10 = -4*u + 2*k. Let z(m) = -m + 5. Let s be z(u). Suppose v + 2 = s*v. What are the prime factors of v?
2
Let k = -1 - -14. Suppose -5*i = -4*i - k. Suppose -z = 2 - i. What are the prime factors of z?
11
Suppose -4*s - 19 = 9. Let q = s + 11. Suppose q*g = -4 + 44. What are the prime factors of g?
2, 5
Suppose -2*l = 6, -7*v + 3*v - 3*l = -11. Suppose v*p + 2*a - 85 = 0, 3*p = -p + 3*a + 68. What are the prime factors of p?
17
Let z(k) = -k**3 + k**2 + 2*k + 2. Suppose 0 = -6*p + 5*p - 3. List the prime factors of z(p).
2
Suppose 2*q - 23 - 29 = -k, -2*k + 94 = -q. Let t = k + -20. What are the prime factors of t?
2, 7
Suppose -t + 2*t = 2. Suppose l - 5 = 3*k, 4*l + k = t*k + 31. List the prime factors of l.
2
List the prime factors of 226/10 - 69/115.
2, 11
Let d(b) = -b**3 - b**2 - 3*b + 4. Let i be d(3). Let p = i + 26. Let c = -11 - p. What are the prime factors of c?
2
Let a(i) = -i**3 + 6*i**2 + 9*i - 5. Let p be a(7). What are the prime factors of 3*(48/p - 2)?
2, 5
List the prime factors of ((-44)/8 - -3)*472/(-10).
2, 59
What are the prime factors of 47136/216 + -1 + 14/18?
2, 109
Let d = 110 - 59. List the prime factors of d.
3, 17
Let q = 477 - 169. What are the prime factors of q?
2, 7, 11
What are the prime factors of 2/((-1)/(118/(-4)))?
59
Let r = -5 - -30. What are the prime factors of r?
5
Let v = -91 + 55. What are the prime factors of (-222)/v - (-2)/(-12)?
2, 3
Let o = 42 - 33. What are the prime factors of o?
3
Let s = -5 + 14. Let r = 9 - s. Suppose r*k + 5 = k. List the prime factors of k.
5
Let l = -36 + -13. Let j = -12 - l. What are the prime factors of j?
37
Let j(q) = q. Let c be j(-3). Let a = -1 - c. Suppose -4*m = -5*r + 59, -2*r = -r + a*m - 9. List the prime factors of r.
11
Let d be (33/(-44))/((-1)/(-24)). Let w(s) = -26*s**3 + s**2 + s. Let z be w(-1). Let q = d + z. What are the prime factors of q?
2
Let a = -44 - -79. What are the prime factors of a?
5, 7
Suppose 4*i - m = 23 - 5, -4*i - 3*m + 26 = 0. Suppose -18 = -i*t + 182. List the prime factors of t.
2, 5
Let v = 7 + -2. Let l = 8 - v. What are the prime factors of l?
3
Suppose 0 = -0*v + 4*v + 264. Suppose 5*o - 13 = -2*a - 2, -4*o + 6 = 3*a. List the prime factors of (v/9)/((-2)/o).
11
Let y = -6 - 0. Let m = y - -14. List the prime factors of m.
2
Let o(j) be the second derivative of -j**5/20 + j**4/4 + 2*j. Let k be o(3). Suppose k = 5*u + 5*l - 55 - 55, -3*l = -2*u + 19. List the prime factors of u.
17
Let c = 350 - 140. What are the prime factors of c?
2, 3, 5, 7
Let l(r) = r**3 + 2*r**2 - 2*r + 3. Suppose 14 = -3*y + 5*b, -4*y - 5*b = -0*b - 28. List the prime factors of